y - p = -2*y. What is the units digit of z(y)?
4
What is the units digit of (67/(-3))/(1/(-3))?
7
What is the tens digit of 40/3*(-1 - (1 - 8))?
8
Suppose 9*a = -0*a + 1053. What is the units digit of a?
7
What is the units digit of (-2 - (-528)/(-15))/(6/(-20))?
4
What is the units digit of 5/(-2)*(-36)/15?
6
What is the units digit of 0 + (-30)/(-2 + -1)?
0
Let u(a) be the first derivative of -2*a**3 - a**2 - a + 2. Let h be u(-6). What is the units digit of (-2)/13 - h/65?
3
Suppose 2*h - 5*h = 5*y + 17, 3*h - 4*y = 19. Suppose h + 2 = c. What is the units digit of c?
3
Suppose 5*l - 96 = -v - 3, 4*l - 86 = 5*v. What is the units digit of l?
9
Let b = -8 + 33. Suppose 15 + b = 4*a. What is the units digit of a?
0
Let i = 49 + -70. Let o be 1/(i/(-12) - 2). What is the units digit of (-28)/(-20) + o/10?
1
Let s = 43 - 75. Let d = -14 - s. What is the tens digit of d?
1
Suppose -v - 4 = -24. What is the units digit of v?
0
Let h(g) be the first derivative of 7/2*g**2 + 2 - 1/3*g**3 - 3*g. What is the units digit of h(6)?
3
Let m be (-12 + -1)*-2 + 3. Suppose m - 109 = -5*y. Suppose 5*s = -3*l + 40, -y = s - 3*s - 2*l. What is the units digit of s?
8
Suppose 0 = -5*f - 5*p + 155, 0 = -3*f + f - 3*p + 60. What is the units digit of f?
3
What is the units digit of 276/(-5)*(-10)/4?
8
Let q be (-2)/((10/(-6))/5). Suppose -4*c + 2*o + 0*o = -64, -q = -3*o. What is the units digit of c?
7
Let b be (-40)/(-7) - (-2)/7. Let t be 9/b - (-3)/6. Suppose -3*j + 4*s + 39 = 0, -5*s + s - 30 = -t*j. What is the units digit of j?
9
Let h be ((-2)/(-6))/(9/(-351)). Let w(c) = -c**3 - 12*c**2 + 10*c - 17. What is the tens digit of w(h)?
2
Suppose 2*d - 2*o - 292 = -74, -5*d + 2*o + 560 = 0. What is the tens digit of d?
1
Let t(q) = 3*q. Let k(v) = v. Let f(c) = 5*k(c) - 3*t(c). What is the units digit of f(-6)?
4
Let k be ((-1)/2)/((-2)/4). Let b(w) = 6*w - 1. Let i be b(k). Suppose -y + 5*t = -0 - 1, i*t + 13 = 3*y. What is the units digit of y?
6
Let z be (-3 + 3)/(-3 + 2). Suppose z*i = -4*i + 12. What is the units digit of i?
3
Suppose 5*r - 262 = 158. What is the units digit of r?
4
Let u(r) = 7*r - 13. Let s(x) = -4*x + 7. Let n(q) = -5*s(q) - 3*u(q). What is the units digit of n(-6)?
0
Suppose 4*u + 3 = -1. What is the units digit of u/(34/18 - 2)?
9
Suppose c = -4*c. Let k = c + 3. Suppose -2*z = -6*z + 2*w + 16, z + 3 = -k*w. What is the units digit of z?
3
Suppose -5*h + 24 = -h. What is the units digit of h?
6
Let k be (0/(-1*3))/3. Suppose k*j - 10 = -5*j. What is the units digit of ((-35)/10)/((-1)/j)?
7
Suppose 0 = -2*v - 3*v + 370. Suppose 0 = -4*k + v + 30. What is the tens digit of k?
2
Let w = -3 - -8. Suppose 52 = w*m + 2*x, -2*x + 55 = 5*m + 3*x. What is the units digit of m?
0
What is the tens digit of 18/(3 - (0 - -2))?
1
Let f = -8 + 5. Let d(i) = 2*i + 2. Let z be d(f). What is the units digit of ((-6)/(-8))/(z/(-32))?
6
Suppose -4*v = 5*t - 7 - 0, -5*t = 5. Suppose -2*k + 2 = -v*k. What is the units digit of k/1 - 30/(-3)?
8
Suppose -3*b - 1 = -2*b + i, 3*b = 2*i - 13. What is the tens digit of ((-38)/b)/((-4)/(-12))?
3
Suppose u + 0 = 2. What is the units digit of (-216)/(-21) + u/(-7)?
0
Suppose -3*z = n - 39, -z + 3*z + 10 = 0. Let q = n + -30. What is the units digit of q?
4
Let y = -116 - -79. Let x = y - -59. What is the units digit of x?
2
Let o = 33 + 10. What is the units digit of o?
3
Let o = -2 + 32. What is the tens digit of o?
3
Let r(i) = i**3 - 6*i**2 - 2*i + 6. Let a be r(6). Let y = -3 - a. What is the units digit of y?
3
Let b(s) = s**3 + 5*s**2 + 3. Let r be b(-3). Let o = r + -13. What is the units digit of o?
8
Let c = 42 + -7. What is the units digit of c?
5
Suppose p - 2*p + 4 = 0, v - 4*p + 14 = 0. Suppose q + v*q - 33 = 0. What is the units digit of q?
1
Let r be 23 + -1 + 2/2. Suppose -5*d + r + 7 = 0. Suppose y = -y + d. What is the units digit of y?
3
Suppose -92 = -3*q - r + 56, 4*q = 4*r + 192. What is the tens digit of q?
4
Let i(w) = w**3 - 3*w**2 - 11*w + 8. Let u be i(6). Let b = -30 + u. What is the units digit of b?
0
Let i(u) = -u**3 - u**2 + 7. Let a be i(0). Suppose x - 2*m = 13, -x + 0*m + 4 = m. What is the units digit of (-2)/a - (-9)/x?
1
Let z = -31 + 87. Suppose 5*w = -11 + z. What is the units digit of w?
9
What is the hundreds digit of (-88 - -15)*(6/(-2) - -1)?
1
Suppose -500 = -11*g + 842. What is the units digit of g?
2
Suppose 167 = 5*i - 8. Suppose -3*p - 2*r - 28 = -141, p - i = -2*r. Suppose -16 = k + 3*x - p, x + 59 = 3*k. What is the tens digit of k?
2
Let u(v) = v**2 - v - 5. Let g be u(5). Let p = -11 + g. What is the units digit of p?
4
Suppose -35 = -5*m + 4*m. What is the units digit of m?
5
Let f = -8 + 19. Suppose -f = k - 55. What is the tens digit of k?
4
Let f(q) = -45*q - 4. What is the tens digit of f(-2)?
8
Suppose -4*w = 2*p - 500, w = 5*p + 5*w - 1238. What is the units digit of ((-6)/4)/((-9)/p)?
1
Let l(c) = -c**3 - 3*c**2 + 5*c + 3. Let y be l(-3). Let m = y + 17. Suppose 4*z - 19 - 5 = 4*s, -25 = m*s. What is the units digit of z?
1
Suppose -3*q + 83 + 106 = 0. What is the tens digit of q?
6
Suppose -3*g + 28 = -2*g. What is the tens digit of g?
2
Let p(r) = 4*r. Let z be p(1). Suppose 11 = -3*y + z*y. What is the units digit of y?
1
Let m(q) = -9*q - 1. What is the units digit of m(-5)?
4
Suppose 0 = -4*f + 73 + 31. Suppose 0 = 4*y - f - 10. What is the units digit of y?
9
Suppose -4*s + 63 = -s. Suppose s = -3*z + 51. What is the units digit of z/6 - (-1)/3?
2
Suppose 4*o - 1 = -2*k + 79, -15 = -5*o. Suppose 0 = -u - 4*l + l + k, 0 = l + 2. What is the units digit of u?
0
Suppose -2*t = -3*o - 6 + 3, 2*o - 6 = 4*t. What is the units digit of 5*t/(30/(-26))?
3
Let d = 16 + -13. Suppose 2*o + 4*u + d = 53, -140 = -4*o + 2*u. What is the units digit of o?
3
Suppose -2*j = 3*n + 31 - 103, 0 = 4*n + j - 101. What is the tens digit of n?
2
Let l be (1 - 1)/(-7 + 8). Suppose -5*k + 2*k = 3, 4*c + 3*k - 101 = l. What is the units digit of c?
6
Suppose 0 = 3*z - 2*g - 250, z - 62 = -2*g + 24. What is the tens digit of z?
8
Let r(m) = m**2 + 9*m + 11. What is the tens digit of r(-15)?
0
Suppose 46 = 5*h - 34. Suppose 19*k - 72 = h*k. What is the tens digit of k?
2
Suppose -a + 3 = y, -7*a + 3*a + 17 = 3*y. Suppose 0 = -3*s + s + a. What is the units digit of s?
4
Let u = 9 - 7. What is the units digit of ((-2)/4)/(u/(-4))?
1
Let s(j) = 14*j**3 - j + 2. Let t be s(2). Suppose 3*f - 7*f = -t. Let r = -15 + f. What is the tens digit of r?
1
Let f = 20 + -17. Suppose 12 = f*i - 117. What is the units digit of i?
3
Let d = -10 - -42. What is the tens digit of d?
3
Let r = 38 - 22. Suppose -h = 5*x - 79 - r, -76 = -4*x + 4*h. Let t = -13 + x. What is the units digit of t?
6
Let y = -78 - -27. Let a be y/(-9) + 2/(-3). Suppose 0 = -2*o - 0*o + a*l + 25, l + 3 = 0. What is the units digit of o?
5
What is the units digit of (-1)/(-4) + (2 - 1365/(-12))?
6
Let v(p) = p**3 + 11*p**2 + 8*p + 15. What is the units digit of v(-10)?
5
Suppose 140 = 3*h - 2*h - 5*v, 3*v + 788 = 5*h. What is the hundreds digit of h?
1
Let p = 191 - 49. What is the hundreds digit of p?
1
Let j = 3 - -30. What is the tens digit of j?
3
Let p(c) = -c - 5. Let s be p(-9). Suppose -d - m - 12 = -s*d, -5*d - 4*m = -3. Let k = 4 - d. What is the units digit of k?
1
Let g(z) = -z**3 + 4*z**2 + 4*z + 3. Let s be g(5). What is the units digit of (-65)/(-10) + (-3)/s?
8
Let p be 3 + 8*4 + 0. Suppose 29 + 10 = 3*k. Suppose 2*z - z + p = 5*d, 3*d = -z + k. What is the units digit of d?
6
Suppose 4*z - 2*z = 2. Let q be (3 - z)*-1*1. What is the units digit of (q + 1)*-2 + 0?
2
Let a(i) = -i**2 + 5*i + 5. Let l be a(5). Let v = -2 + l. What is the units digit of v?
3
Let l(h) = 90*h**3 + h**2 - 2*h + 1. What is the units digit of l(1)?
0
Let c be 4 + -1 - (-3)/(-3). Let m = 40 - c. What is the units digit of m?
8
Suppose 0 = -5*z, d - 2*z = -z. Suppose d = 2*y - 1 - 5. Suppose 2*u + y = -5*a + 16, -u = -4. What is the units digit of a?
1
Suppose -b + 9 = 5*l, -14 = 5*b + 5*l + 1. Let d be (1*b)/(2/2). What is the units digit of (0 + (-33)/d)*2?
1
Suppose 4*q - 5*q = 5*c - 42, -q = -3*c - 2. Suppose -o + q = -7. Suppose -3*w = -w - o. What is the units digit of w?
2
Let j(w) be the first derivative of 2 - 9*w - 5